y - 6*q - 16 = -4*q. Suppose 4*b - 49 = -y*x + 3*x, 3*x = -15. Suppose -3*d + b = d. List the prime factors of d.
2
Suppose u = v + 7 - 38, -4*u + 50 = 2*v. List the prime factors of v.
29
Let j(g) = 4*g**2 - 4*g**2 + 0*g**2 + g**2 - 5*g - 3. What are the prime factors of j(-4)?
3, 11
What are the prime factors of 40 - (-2 + 3 - 1)?
2, 5
Suppose -4*r - j = -2*j - 11, 4*j - 4 = 0. Let n(q) = r + 4 + 1 - 1 + 2*q. What are the prime factors of n(5)?
17
Let o(b) = b**2 + 7*b - 3. Let p be o(-8). Suppose 5*h - 9 = -5*a + 21, -5*h + 10 = -p*a. List the prime factors of h.
2
Suppose 30*z + 4 = 31*z. What are the prime factors of z?
2
Suppose 0 = i - 4*i - 24. Let w(b) = b + 8. Let z be w(i). Suppose -24 = -2*d - z. What are the prime factors of d?
2, 3
Let a = 30 - -46. What are the prime factors of a?
2, 19
Suppose 11 = 2*c + 1. Let u(v) = -c - v + 14 + 1. What are the prime factors of u(8)?
2
Let f = 1 - -9. Let l = f - -6. List the prime factors of l.
2
Suppose -4*g = -a - 6, -2*g + 0*g = -a - 4. Let s be g/(3/(-6)) - 5. Let v = s + 9. List the prime factors of v.
2
Let b = 17 - 11. Suppose 4*w - 78 - b = 0. List the prime factors of w.
3, 7
Let r(t) = 10*t - 12. What are the prime factors of r(4)?
2, 7
What are the prime factors of 39/12*(1 - -3)?
13
Let a be (4/(-12))/(2/18). Let y(t) = -7*t - 4. What are the prime factors of y(a)?
17
What are the prime factors of ((-61)/2)/(2/(-4))?
61
Suppose -4*k = -2*j - 114, -4*k - 3*j + 129 = -8*j. List the prime factors of k.
2, 13
Let i(v) = -42*v - 1. List the prime factors of i(-3).
5
Let v be (-7 + 6)/(1/6). What are the prime factors of (-80)/v + 1/(-3)?
13
Let s = 25 - 18. Suppose -5*z - 2*b = -28, -s = 3*z + 5*b - 20. List the prime factors of z.
2, 3
Suppose -4*p + 60 = -p. What are the prime factors of p?
2, 5
Suppose -m - 3*m = 5*u - 221, -4*u - 158 = -3*m. What are the prime factors of m?
2, 3
Suppose 3*k + 16 = 1, -2*x = -3*k - 263. What are the prime factors of x?
2, 31
Suppose 5*q = q + 28. List the prime factors of q.
7
Let g(d) = -8*d + 2. Suppose 6 = 3*a - 7*a + 2*j, 0 = j + 1. List the prime factors of g(a).
2, 3
Let o = -3 - -17. Suppose r + 19 = -4*i, 3*r + 3*i + 7 = -o. Let h = r + 10. What are the prime factors of h?
7
Suppose 0 = 4*l - 36 + 276. Let d = -26 - l. List the prime factors of d.
2, 17
Suppose 38 = 2*n - 18. What are the prime factors of n?
2, 7
Suppose 0 = -2*l, 2*y - 7 + 43 = l. Let m = y - -34. Suppose -f = 5 - m. List the prime factors of f.
11
Let v be (-1)/(3/(-3*5)). Suppose n + 45 = v*n - 5*m, m - 18 = -n. List the prime factors of n.
3, 5
Suppose 0 = -2*r + 10, y - 76 = -0*y - 2*r. Suppose 0 = 5*i + y - 16. Let b = 22 + i. What are the prime factors of b?
2, 3
Let k = 1 + 1. Suppose 0 = -3*h - 4*q - 44, 4*q - k = 3*h + 2. List the prime factors of h/((-1)/4*2).
2
Let o = 14 - -7. Suppose 0 = b - 1 - o. What are the prime factors of b?
2, 11
Suppose 2*o - 55 = 43. List the prime factors of o.
7
Suppose -u = -3*r - 288, 5*u + 5*r = 3*u + 620. List the prime factors of u.
2, 3, 5
Let a = -10 + 13. Suppose 0 = -5*n + 5*h + 200, 4*n - a*h = -4*h + 145. List the prime factors of n.
37
Let u(o) = 16*o - 3. Let j be u(2). Suppose -2*p = -13 - j. Suppose g = 5*q + 27, q = -3*g - 4*q + p. List the prime factors of g.
2, 3
Let t(f) = 4*f**2 + 5*f + 2. List the prime factors of t(-3).
23
Let i be (-6)/(-15) - (-988)/5. Suppose -2*b + 66 = 5*n, -3*n = -5*b + n + i. What are the prime factors of b?
2, 19
Suppose -3*w + 5*l - 4*l + 10 = 0, 4*l + 16 = 0. Suppose -m + w*d + 9 = 0, -m = -6*m - 3*d + 6. List the prime factors of m.
3
Suppose 3*l + 123 = 3*i, 4*l = -4*i + 146 + 26. Suppose 5*o - 4*o + 10 = a, -4*a + i = -2*o. What are the prime factors of a?
11
Suppose -12*o + 2008 = -4*o. List the prime factors of o.
251
What are the prime factors of (-2 + -3)/(-10) + 374/4?
2, 47
Let h(p) = -p**3 - 3*p**2 - 5*p - 1. Let c be h(-4). List the prime factors of 7/c + (-119)/(-5).
2, 3
Suppose 4*m = 8, 3*m = 4*j - 0 - 6. Suppose -3*o - j*t + 5*t + 108 = 0, -3*t = -o + 43. What are the prime factors of o?
2, 17
Suppose -3*z + 0*z = -12. Suppose c - 5*w - 15 = 0, -z*w + 8*w + 12 = -4*c. List the prime factors of (-4*(c - -2))/(-2).
2
Suppose -6*s + 3*s = 18. Let y be ((-4)/s)/(4/18). Suppose 5*k = 3*k + g + 23, -y*k + 39 = 3*g. List the prime factors of k.
2, 3
Let a(r) = r**2 + 3*r - 15. List the prime factors of a(7).
5, 11
Suppose -2*i = -0*i + 3*q - 20, -2*i + q + 12 = 0. Suppose i - 67 = -5*l. List the prime factors of l.
2, 3
What are the prime factors of -1*(-2)/(-4)*-6?
3
List the prime factors of 0 + (-37)/(-2)*2.
37
Let n be 2/(-9) - 170/45. Let c be (18/(-10))/(n/20). Suppose 0 = -2*l - 2*t + c + 7, l - 2*t - 17 = 0. List the prime factors of l.
11
Suppose 0*l = 5*l. What are the prime factors of 11 + (l - -3 - 3)?
11
Let p = -120 - -123. List the prime factors of p.
3
Let u = -10 + 5. Let q(w) = w**3 + 7*w**2 + 6*w - 7. What are the prime factors of q(u)?
13
Suppose 19*v - 14*v = 150. List the prime factors of v.
2, 3, 5
Suppose 6 = 3*u - 2*j, -3*u - 2*j + 5 + 1 = 0. Suppose u*g + g = 6. List the prime factors of g.
2
Let b(t) = -t**3 - 2*t**2 + 12*t - 2. What are the prime factors of b(-6)?
2, 5, 7
Suppose -28 = -3*j - 4*v, -2*j - 2*v + 4*v = 0. List the prime factors of 1/(0 + 2/j).
2
Let l(d) = -2*d**2 + 184. What are the prime factors of l(0)?
2, 23
Let r(w) = 3*w**3 - 3*w**2 + 3*w - 1. Let s be r(2). Let a = s + -10. What are the prime factors of a?
7
Suppose 5 = 4*t - 4*q - 15, -5*t - 3*q = -17. Suppose -t*b + 23 = -3*d, d + 14 = 2*d + 3*b. Let h = 8 + d. List the prime factors of h.
7
Suppose h - 3*h = -32. Suppose t - 40 = -2*q, h = 4*q + 4*t - 72. List the prime factors of q.
2, 3
Let f be (-5)/((-10)/4) + 1. Suppose -4*y - 2*r + 2 = -6, 0 = f*y + 3*r. Let i(x) = x. List the prime factors of i(y).
2
Let b be (4 + -2 + 0)*1. Suppose -b*s - o = 14 - 6, -5*s + o - 6 = 0. Let q(u) = u**3 + 3*u**2 + 2. What are the prime factors of q(s)?
2, 3
Let j be (0/(-1 + 0))/(-1). Let f = -3 + j. Let b = f + 14. What are the prime factors of b?
11
Let d(g) = 21*g**2 + g - 1. What are the prime factors of d(1)?
3, 7
Let l = 36 - 20. What are the prime factors of l?
2
Let d be 1/((3/8)/3). Suppose d*u = 4*u + 12. List the prime factors of u.
3
Let b(w) = w**3 + 9*w**2 + 9*w + 10. Let z(n) = n**3 + n**2 + n + 3. Let u be z(0). Suppose d = u*d + 16. List the prime factors of b(d).
2
Suppose 6*j + 15 = j. Let r = 6 + j. Suppose -2*u + 2*x + 6 = 0, -r*x - 1 = -u - 0. What are the prime factors of u?
2
Let d(p) = -5*p**2 + 18*p - 4. Let m(j) = -9*j**2 + 36*j - 9. Let a(i) = -7*d(i) + 4*m(i). What are the prime factors of a(15)?
37
Suppose -v + 6*v - 10 = 0. Let t = v - -22. What are the prime factors of t?
2, 3
Suppose 3*g - 3*d - 27 = -0*g, 2*d = -g + 6. Suppose -a + g = 3*a. Let v = a + 8. List the prime factors of v.
2, 5
Let r = 7 - 3. Let u be ((-10)/r)/(6/(-12)). Suppose 2*w + 4 = 2*i, -5*i = u*w - 0*i - 30. List the prime factors of w.
2
Suppose -7*s + 505 = 5*g - 2*s, 3*s = -5*g + 495. What are the prime factors of g?
2, 3
Let a be 40/12*(-12)/(-10). Suppose -4*r + 120 = a*y, -3*r + 8*r + y - 150 = 0. Let s = r + -13. What are the prime factors of s?
17
Let x(f) = 10*f + 10. What are the prime factors of x(6)?
2, 5, 7
Let n(f) = 2*f**2 + 3*f - 18. Let z(j) = -3*j**2 - 4*j + 27. Let u(h) = -7*n(h) - 5*z(h). What are the prime factors of u(-7)?
47
Let t(q) = 4 - 16*q**2 + q**3 - 2*q - 17*q**2 + 28*q**2. What are the prime factors of t(6)?
2, 7
Let t(x) = -2*x - 8. Let m be t(-6). Let j(c) = -4 + 2 + 0 - 5 - m*c. List the prime factors of j(-6).
17
Let z(q) = -7*q**3 - q - 1. What are the prime factors of z(-1)?
7
Let w(b) = -b - 5. Let k be w(-6). Suppose q = -q. Suppose q = a - 4 - k. List the prime factors of a.
5
Let i = -53 + 123. What are the prime factors of i?
2, 5, 7
Let w = -33 + -14. Let m = -34 - w. List the prime factors of m.
13
Let m = 0 + 2. Let u be 2/m - -1 - 7. Let p(x) = x**3 + 4*x**2 - 6*x - 2. What are the prime factors of p(u)?
3
Let l = 73 - 59. What are the prime factors of l?
2, 7
Suppose -3*d + 6*d - 420 = z, 5*d - 4*z = 707. List the prime factors of d.
139
Suppose 0 = -4*s + 17 + 7. Suppose -g - g + s = 4*r, g + 4*r = 5. Suppose 4*i - 12 = o, -3*i + 9